302?
-65
In base 2, what is 1001110 - -1111100?
11001010
In base 2, what is 1100101 + -100?
1100001
In base 10, what is -3 + 4240?
4237
In base 11, what is 10 + -8?
3
In base 16, what is c - -2?
e
In base 14, what is -489 - -1?
-488
In base 13, what is -41a + 1?
-419
In base 9, what is -3 - 340?
-343
In base 10, what is -4 - 43?
-47
In base 16, what is -2 + 49b?
499
In base 10, what is 0 - -206?
206
In base 10, what is -33 - 19?
-52
In base 12, what is -3 - 3a9?
-3b0
In base 14, what is 15 + 9?
20
In base 8, what is -10 + 272?
262
In base 5, what is -1340 - 11?
-1401
In base 5, what is 111 - 104?
2
In base 15, what is -da - -4?
-d6
In base 15, what is 5 - 13d?
-138
In base 15, what is 6c9 - -2?
6cb
In base 14, what is 7c7 - 2?
7c5
In base 4, what is 1023 - -3?
1032
In base 11, what is 4588 - -3?
4590
In base 14, what is -1508 - -7?
-1501
In base 6, what is 21512 + 4?
21520
In base 13, what is 286 + 5?
28b
In base 8, what is -263 + 5?
-256
In base 10, what is -81 - -11?
-70
In base 9, what is -165 - 10?
-175
In base 2, what is -10111001 - 1010?
-11000011
In base 3, what is 102110 - 12?
102021
In base 15, what is -b - -153?
147
In base 9, what is 453 - 23?
430
In base 7, what is 1524 - -1?
1525
In base 2, what is -10111 + -100?
-11011
In base 16, what is -5 - ca?
-cf
In base 6, what is -333 + -100?
-433
In base 7, what is 2 + 66?
101
In base 4, what is 211 + -201?
10
In base 9, what is -2 - -62?
60
In base 2, what is 1010 - 1001000010?
-1000111000
In base 7, what is -10 + -506?
-516
In base 9, what is -2 + -153?
-155
In base 11, what is 2 + a4?
a6
In base 3, what is 212202 + 1?
212210
In base 5, what is -4 + 4001?
3442
In base 10, what is -23 + -15?
-38
In base 3, what is 110 - 1002?
-122
In base 15, what is -18e4 - -1?
-18e3
In base 13, what is 5 - -202?
207
In base 3, what is -10020010 + 1?
-10020002
In base 15, what is -1ec - -8?
-1e4
In base 4, what is 10 + -122233?
-122223
In base 6, what is 15 - -115?
134
In base 4, what is -132300 - 11?
-132311
In base 10, what is 1 - -74?
75
In base 3, what is 0 + 2?
2
In base 3, what is 112022 - 12?
112010
In base 16, what is 0 - -15?
15
In base 16, what is -5c - -2?
-5a
In base 5, what is 3020422 - 10?
3020412
In base 15, what is 15c - -e?
16b
In base 12, what is -5 + 4b5?
4b0
In base 13, what is 2 - 11b?
-119
In base 10, what is 2 + -157?
-155
In base 12, what is -191 - -31?
-160
In base 14, what is 1 - -49?
4a
In base 8, what is -5 + -157?
-164
In base 15, what is -3b0 + a?
-3a5
In base 5, what is -1 - -2002?
2001
In base 6, what is -3 + 20050?
20043
In base 11, what is 4 - 376?
-372
In base 3, what is -1101 - -21011?
12210
In base 6, what is 4215 + 0?
4215
In base 14, what is -3 + 1d2?
1cd
In base 14, what is 1 - c17?
-c16
In base 15, what is 2ca + -1?
2c9
In base 11, what is -5 - 0?
-5
In base 3, what is 0 + 10202200?
10202200
In base 2, what is 10010 - -110011?
1000101
In base 4, what is -1333132 - 1?
-1333133
In base 10, what is -4 - -118?
114
In base 13, what is 0 - -166c?
166c
In base 5, what is -2 + -3404?
-3411
In base 16, what is -11 + 12?
1
In base 11, what is -1216 - 1?
-1217
In base 3, what is 10 + 12121?
12201
In base 7, what is 1 + -2015?
-2014
In base 14, what is -4 - -a?
6
In base 11, what is -222 + 0?
-222
In base 10, what is -1 - 2954?
-2955
In base 13, what is -3603 - -5?
-35cb
In base 5, what is 12040 - 10?
12030
In base 11, what is -710 + -2?
-712
In base 8, what is -4653 + -3?
-4656
In base 14, what is 8bb - -5?
8c2
In base 2, what is 10100100 - -1?
10100101
In base 16, what is 3 + 1d4?
1d7
In base 8, what is -62 - -3?
-57
In base 16, what is 1635 + -2?
1633
In base 9, what is 1 - -58?
60
In base 14, what is 5 - 42?
-3b
In base 8, what is -5 - 2710?
-2715
In base 10, what is -790 - -4?
-786
In base 9, what is 676 - 5?
671
In base 9, what is 0 + -61?
-61
In base 4, what is -1101 + -12?
-1113
In base 13, what is -5048 - -1?
-5047
In base 11, what is -12a - -15?
-115
In base 3, what is 10111010 - -1?
10111011
In base 16, what is 4 + -657?
-653
In base 6, what is 3 - 201?
-154
In base 2, what is 11010110101 - -1?
11010110110
In base 16, what is 2 - -1d?
1f
In base 6, what is 2 - 10523?
-10521
In base 13, what is -1 + 120?
11c
In base 6, what is 41 + -22?
15
In base 9, what is 4246 - 0?
4246
In base 12, what is -a46 + 2?
-a44
In base 15, what is 99de - 1?
99dd
In base 8, what is -1303 - -2?
-1301
In base 10, what is -40 - 2?
-42
In base 13, what is -1604 + 1?
-1603
In base 3, what is 10122 - -2001?
12200
In base 7, what is 342 + -105?
234
In base 12, what is -4 - -3b?
37
In base 14, what is b18 - -5?
b1d
In base 5, what is 10 + -113?
-103
In base 7, what is 120 + 43?
163
In base 16, what is -f - -4?
-b
In base 4, what is 120223 - 1?
120222
In base 16, what is -2 + -2a?
-2c
In base 13, what is -1b - -13?
-8
In base 7, what is -4 - -2246?
2242
In base 5, what is -2 + 322?
320
In base 15, what is d + -5aa?
-59c
In base 16, what is 31 + -4?
2d
In base 14, what is -38c + -5?
-393
In base 5, what is -33 + 31?
-2
In base 15, what is -5e + 1?
-5d
In base 10, what is -1 + -88?
-89
In base 10, what is 5 + 5848?
5853
In base 14, what is 1 + -8?
-7
In base 6, what is -11 + 10?
-1
In base 13, what is 8ac + 2?
8b1
In base 2, what is 10011 + 110?
11001
In base 12, what is 245 + 5?
24a
In base 14, what is -49 + -23?
-6c
In base 12, what is -12 + 1?
-11
In base 6, what is 522 + -1?
521
In base 3, what is 102011 - 21?
101220
In base 9, what is -3850 - -3?
-3846
In base 7, what is -20552 - 1?
-20553
In base 15, what is -1e - 4?
-23
In base 2, what is -1 + -10?
-11
In base 6, what is 5 + -2435?
-2430
In base 15, what is 16 - c?
9
In base 12, what is -16 - 2?
-18
In base 16, what is 2 + -3c6?
-3c4
In base 7, what is 3 + -16000?
-15664
In base 6, what is 1 + 5432?
5433
In base 11, what is 32 + 2?
34
In base 14, what is -4 + d7?
d3
In base 5, what is 240030 + 2?
240032
In base 10, what is 3 - 524?
-521
In base 14, what is 8 - -123?
12b
In base 7, what is -262 - -4?
-255
In base 7, what is 540 - -3?
543
In base 9, what is -3 - -2386?
2383
In base 2, what is 10 + 1000100001111?
1000100010001
In base 15, what is -6a + 9?
-61
In base 11, what is 234 + 64?
298
In base 13, what is 5500 - 2?
54cb
In base 5, what is 4 - -21323?
21332
In base 4, what is 1321 - 100?
1221
In base 2, what is 110100010 + 110?
110101000
In base 3, what is -2220112 + 2?
-2220110
In base 6, what is 5 + -14?
-5
In base 16, what is -1a8 - -1?
-1a7
In base 2, what is 1100001 + 11100?
1111101
In base 3, what is 100002 + -11?
22221
In base 13, what is 5 - 80?
-78
In base 3, what is -10122 + 10?
-10112
In base 16, what is -4 - -50?
4c
In base 3, what is 11 - -1012101?
1012112
In base 8, what is -6 + 502?
474
In base 14, what is -5 + 20?
19
In base 8, what is -7 + 230?
221
In base 2, what is 0 - 101000?
-101000
In base 14, what is 105 - 0?
105
In base 10, what is -1625 + 1?
-1624
In base 10, what is -354 - 4?
-358
In base 13, what is -37 - 8?
-42
In base 12, what is 42 - -1?
43
In base 16, what is 0 + -52?
-52
In base 2, what is 1011 + 10?
1101
In base 8, what is -52514 - -3?
-52511
In base 16, what is 2 + -a68?
-a66
In base 11, what is -2a9 - 29?
-327
In base 8, what is 1 + 16?
17
In base 9, what is -636 + -14?
-651
In base 14, what is -5 - 17c?
-183
In base 11, what is -7 + -71?
-78
In base 11, what is -844 + 2?
-842
In base 2, what is 10001 - -101?
10110
In base 10, what is 4 - -44?
48
In base 16, what is 100 - 1?
ff
In base 10, what is 28 + 239?
267
In base 14, what is -54a + -5?
-551
In base 4, what is -102 + -3?
-111
In base 3, what is 110002 + -1?
110001
In base 12, what is -92 + 0?
-92
In base 8, what is -11 - -570?
557
In base 10, what is -6 - 668?
-674
In base 9, what is 457 + -4?
453
In base 15, what is 71c - -5?
722
In base 13, what is 9b - -b4?
182
In base 11, what is 17 + 96?
102
In base 6, what is 243 - -4?
251
In base 10, what is -5 - 474?
-479
In base 4, what is 230311 + 0?
230311
In base 12, what is 29 + -21?
8
In base 16, what is 180 - 5?
17b
In base 11, what is 4 + -38?
-34
In base 3, what is 1 - -1211?
1212
In base 15, what is -3 - ed8?
-edb
In base 10, what is -54 + 300?
246
In base 9, what is -5 - 13?
-18
In base 7, what is 3463 + -3?
3460
In base 16, what is -5 + -627?
-62c
In base 5, what is 423 - 2?
421
In base 11,